uppose -5*j - 4*a + 55 = 6, -3*a - q = -4*j. What is the remainder when 24 is divided by j?
11
Let w(h) = h**2 - 7*h - 474. Calculate the remainder when w(-23) is divided by 72.
0
Suppose 5*b = -2*q + 3 + 13, 2*b - 6 = -q. Let i be -16*(44/16 - b). What is the remainder when 22 is divided by (i/8)/((-3)/(-6))?
2
Let c = -108 + 123. Let n = 118 + -61. Calculate the remainder when n is divided by c.
12
What is the remainder when 189 is divided by ((-7)/4)/((-8)/384)?
21
Let w = -17 + 18. Let k = 17 - w. Calculate the remainder when 95 is divided by k.
15
Let c be 2/2 + 972/3. Suppose 0 = 3*s - 4*r - 227, 5*s + 0*s = -4*r + c. Calculate the remainder when s is divided by 14.
13
Suppose 8*a = 597 + 595. What is the remainder when a is divided by 30?
29
Let h(j) = j**2 + 3*j - 7. Let k be h(-6). Let b = k + -9. Suppose -49 = -2*z - 5*d, -d = 7*z - b*z - 65. What is the remainder when 22 is divided by z?
10
Let a = -366 + 416. Let c(k) = 2*k**2 - 8*k + 3. What is the remainder when a is divided by c(5)?
11
Let g = -7 + 9. Suppose -g*w - 2*o + 4 = -8, 3*w - o + 2 = 0. What is the remainder when 3 is divided by w?
0
Suppose 4*g - 8 = -0*g. Suppose 0 = -3*m + g*m + 39. Suppose 2*w - 4*w = -28. Calculate the remainder when m is divided by w.
11
Suppose -259 + 7 = -7*i. Calculate the remainder when i is divided by 10.
6
Let f = 3 - -15. Let n = 38 + -39. Calculate the remainder when n*(-35 - -4) - -4 is divided by f.
17
Let w be 1*(4 - 2)*-19. Let q(t) = 12*t + 1. Calculate the remainder when (-3 - w/2)*3 is divided by q(2).
23
Let r(p) = -6*p + 15. Let f(l) = -l**2 - 8*l - 12. Let j be f(-7). Calculate the remainder when 132 is divided by r(j).
42
Calculate the remainder when 268/(90/40 + 2/(-8)) is divided by 39.
17
Let g = 62 + -58. Suppose 38 = g*h + 3*d, -4*d + 25 = 2*h + 11. What is the remainder when 140 is divided by h?
8
Let f = 1164 + -1147. What is the remainder when 505 is divided by f?
12
Suppose 8*i = -4*g + 7*i - 23, g = -2*i - 11. Let u = 22 + g. Let y = -64 - -146. Calculate the remainder when y is divided by u.
14
Let s = -35 - -37. Suppose -3*n + 6 = 5*o - 10, 0 = -5*n + 4*o + s. Suppose -2*c = 5 - 25. Calculate the remainder when c is divided by n.
0
Suppose 0 = -19*a + 35 + 307. Calculate the remainder when 555 is divided by a.
15
Calculate the remainder when (16/10)/(10/625) is divided by 21.
16
What is the remainder when 157 is divided by -25*(1 + 2/(20/(-18)))?
17
Let l(w) = -91*w - 309. What is the remainder when l(-9) is divided by 8?
6
Let f = 73 - 39. Let s = f + -20. Suppose z = -2*z + 117. What is the remainder when z is divided by s?
11
Let w be (20/(-6))/(((-64)/24)/4). Suppose w*l + 3 = 48. Calculate the remainder when 14 is divided by l.
5
Let h be -1*(3 - 90)*(-1 - -2). Let i = -53 + h. What is the remainder when i is divided by 18?
16
Let p(s) = 4*s + 41. Let j be p(-9). What is the remainder when 35 is divided by 2/(-5)*j + 46/2?
14
Suppose -5*z + 2*z - 141 = -3*c, 3*c = -3*z - 129. Let l = -18 - z. Let w = 41 - l. What is the remainder when 41 is divided by w?
13
Suppose 5*o + 2*d = 61 + 364, -3*d = -15. What is the remainder when 661 is divided by o?
80
Let j(w) = -w**3 + 39*w**2 + 2*w - 20. What is the remainder when 2493 is divided by j(39)?
57
What is the remainder when 196 is divided by ((-31)/(-3))/((-6)/(-36))?
10
Suppose 3*y - 79 + 25 = 0. Let w = y + -17. Calculate the remainder when 7 is divided by w.
0
Suppose i = 5*h - 5, 5*h - 2*h = i + 5. Suppose -3*w - 5 = -2*u - 17, h = 3*u - w + 18. What is the remainder when 2/(u/45)*-1 is divided by 8?
7
Suppose 5*s = -3*q + 325, 0 = 2*s - 5*q - 131 + 1. What is the remainder when s is divided by 41?
24
Let z(w) = 3 - 3*w + 7*w - 3. Calculate the remainder when 1*12 + 21/7 is divided by z(1).
3
Let c = 79 - -238. What is the remainder when c is divided by 81?
74
Let r(o) = o + 2. Let j be r(5). Let g(m) = 4*m**2 - 2*m + 1. Calculate the remainder when (7 + -3 - 2) + j is divided by g(1).
0
What is the remainder when 695 is divided by (16*1/32)/((-1)/(-156))?
71
Suppose 5*n - 143 = 3*p, 3*n - 23 = -p + 74. What is the remainder when 39 is divided by n?
8
Let l(d) = d**3 + 25*d**2 - 27*d + 2. Let g be l(-26). Suppose -2*w - i = -13, 0*i + 4*i - g = -5*w. Calculate the remainder when 37 is divided by w.
5
Suppose 0 = 2*f - 2*y - 44, f + y - 9 - 9 = 0. What is the remainder when 477 is divided by f?
17
Let g(q) = q**3 - 6*q**2 + 5*q + 11. Calculate the remainder when 1351 is divided by g(5).
9
Let b(i) = -3*i**3 - 56*i**2 + 16*i - 29. What is the remainder when b(-19) is divided by 8?
4
Let h = 24 + -20. Let t(r) = 4*r - 11. What is the remainder when 7 is divided by t(h)?
2
Let j be 321/(-5) + (-3)/(-15). Calculate the remainder when 154 is divided by (j + -1)*(-27)/45.
37
Suppose -5*s + 13*s = 10*s. Suppose l - 4*l + 3*w + 87 = 0, -3*l - w + 107 = s. Calculate the remainder when l is divided by 5.
4
Suppose 3*g + 4*o = 180, -5*o = -g + 2*g - 60. Let u(y) = -26*y**2 - 2*y. Let p be u(-2). Let a = -69 - p. What is the remainder when g is divided by a?
29
Suppose 2*a + 5*i + 30 = 0, 2*i + 3 = a - 0. Suppose 4*t + 10 = 2*n, -5*n - 2*t + 54 + 31 = 0. Let h = a + n. Calculate the remainder when 37 is divided by h.
7
Suppose -4*s - 120 = -3*m, 2*m - 7*m + 4*s + 192 = 0. What is the remainder when m is divided by 19?
17
Let v = -370 + 384. What is the remainder when 120 is divided by v?
8
Suppose 0 = -z + 86 - 61. What is the remainder when 121 is divided by z?
21
Suppose -16*q + 18*q = 18. What is the remainder when q is divided by 20*3/36*3?
4
What is the remainder when 309/12 - 18/24 is divided by 6?
1
Suppose -7 = -b - 2*i - 0*i, -5*b = i - 26. Suppose -b*k + 10 = -4*k. What is the remainder when 47 is divided by k?
7
Let d(x) = 67*x - 112. Calculate the remainder when d(7) is divided by 30.
27
Let c(d) = 8*d + 62. Let g be c(-7). Suppose -u + 5*a = -52, g*a - 52 = -u + 3*a. What is the remainder when 415 is divided by u?
51
Let q(v) = -12*v + 12*v**2 - 2*v**3 + 2*v**3 - v**3 - 18. What is the remainder when 185 is divided by q(10)?
61
Let p(r) = r**3 - 6*r + 2. Calculate the remainder when p(4) is divided by 1 + (-4)/(-4) + 10.
6
Suppose 0 = 5*j - 0*j - 20. Let q be 3*(j + -8 - -5). Suppose -5*k + 69 = 2*t, -q*k + 2*k = -t - 18. Calculate the remainder when k is divided by 9.
6
Let m = -35 + 19. What is the remainder when 716/7 - m/(-56) is divided by 26?
24
Suppose b - 367 = 3*v, 0 = -3*v + 4*b - 451 + 90. Let d = -69 - v. What is the remainder when d is divided by 29?
25
Let d = 161 - -97. Let o = d + -132. Calculate the remainder when o is divided by 26.
22
Let x(d) = -d**3 - d**2 + 2*d + 3. Let z be x(-2). Suppose -z*p + 5*p = 106. Let f = -21 - -49. Calculate the remainder when p is divided by f.
25
Let q(f) = -4*f - 2. Let c be 3 + (-222)/(-42) - (-2)/(-7). Suppose k - 9 = c. What is the remainder when k is divided by q(-2)?
5
Let v(n) = n**3 - 16*n**2 - 53*n + 12. Calculate the remainder when v(19) is divided by 29.
1
Let d(n) = 7*n - 54. Calculate the remainder when 36 is divided by d(10).
4
Suppose 539*n = 530*n + 783. Calculate the remainder when 606 is divided by n.
84
Suppose 25*x - 7604 = 9946. What is the remainder when x is divided by 22?
20
Let k(r) = -2*r**3 + r**2 - 3*r - 3. Suppose -2*s = -5*u + 13, -3*u + u + 10 = 0. Calculate the remainder when s is divided by k(-1).
0
Let r(q) = -q**2 + 6*q - 5. Let s be r(5). Suppose s = 3*u - 6 - 9. Suppose -m + 12 = 3*m. Calculate the remainder when u is divided by m.
2
Let c(a) = -2*a + 25. Suppose -40 = -0*d - 5*d. Calculate the remainder when c(5) is divided by d.
7
Suppose 3*t + 3 - 9 = 0. Calculate the remainder when 5 is divided by t.
1
Suppose -5*k + 2*j + 20 = -j, -3*j - 12 = -3*k. Calculate the remainder when 162/8 - k/64*4 is divided by 5.
0
Calculate the remainder when 609 is divided by ((-9)/((-27)/(-15)))/((-4)/124).
144
Let u(k) = 21*k - 15. Let c = -85 - -87. Calculate the remainder when u(c) is divided by 10.
7
Let i be (2*(-2)/5)/((-2)/10). Suppose 2*t + 26 = i*t. Calculate the remainder when 142 is divided by t.
12
Let f = -125 + 183. Let o = f - 19. Calculate the remainder when o is divided by 21.
18
Let n(t) = 10*t + 81. What is the remainder when n(7) is divided by 17?
15
Let h(a) = a**